y 7?
6
Suppose 5*q - 3*v = -0*v + 278, 0 = 2*q - 3*v - 104. What is the remainder when q is divided by 15?
13
Let r = -185 + 223. Let h(s) = s**2 - s. Calculate the remainder when r is divided by h(-4).
18
Calculate the remainder when 54 is divided by -1*(-2)/6*12 - -4.
6
Let n = 1 - 1. Let t be ((-26)/(-3))/(28/(-42)). Let u = n - t. Calculate the remainder when u is divided by 7.
6
Calculate the remainder when 7 is divided by (-32)/(-24)*3/2.
1
Let n be (-4)/(-6) - 12/(-9). Suppose f + 9 = n. Let i(t) = -2*t + 2. What is the remainder when 31 is divided by i(f)?
15
Suppose -q - 4*u + 98 = 0, 2*u - 32 = -q + 70. What is the remainder when q is divided by 29?
19
Let a = -3 + 2. Let w(t) = -27*t. Let p be w(a). Suppose 0 = -4*f + 2*f + 4*z + 2, 2*f + z - p = 0. Calculate the remainder when 32 is divided by f.
10
Let m = -27 - -334. Calculate the remainder when m is divided by 44.
43
Let m(b) = -8*b - 5. Calculate the remainder when 56 is divided by m(-3).
18
Let u = -37 - -66. What is the remainder when u is divided by 5?
4
What is the remainder when 65 is divided by (-360)/(-16) - 1/2?
21
Let c = -49 - -81. Calculate the remainder when 56 is divided by c.
24
Let n be ((-30)/45)/((-2)/6). Suppose 41 = 4*m - m + 2*u, m = -n*u + 7. Calculate the remainder when m is divided by 5.
2
Suppose -r + 35 + 0 = 0. Calculate the remainder when r is divided by 3.
2
Let v(z) = z**3 - 9*z**2 + 14*z - 30. Calculate the remainder when 87 is divided by v(8).
15
Suppose -5*t + 5*w - 260 = -10*t, 4*t = 5*w + 199. Calculate the remainder when t is divided by 6/(-3)*(4 - 11).
9
Let o(l) be the first derivative of 7*l**2/2 - 3*l + 2. Let r = -11 + 28. What is the remainder when o(5) is divided by r?
15
Let m(p) = -2*p**3 - 2*p + 6*p - 2 + 3*p**3 + p**2. Calculate the remainder when m(3) is divided by 12.
10
What is the remainder when 14 is divided by 27 + -32 + (-15)/(-1)?
4
Let a = -12 - -29. Suppose 17*h - 4*h = 130. Calculate the remainder when a is divided by h.
7
Let u(b) = b**3 + 4*b**2 + 4*b + 2. Let t(l) = -5*l**3 - 16*l**2 - 17*l - 8. Let n(w) = 2*t(w) + 9*u(w). What is the remainder when 29 is divided by n(4)?
9
Let o(b) = 19*b - 4. What is the remainder when o(1) is divided by 8?
7
Let p be 2/(-8) - 26/(-8). Suppose p*u - 25 = -2*u. Calculate the remainder when 18 is divided by u.
3
Suppose 44 - 159 = 5*t. Let b = -10 - t. Suppose 0 = 4*q - 5*a - 163, -3*q - 1 = -5*a - 127. What is the remainder when q is divided by b?
11
Let p(y) = 2*y**3 - 5*y**2 + 7*y + 2. What is the remainder when p(5) is divided by 15?
12
Suppose -36 = -2*o - o. Let h(t) = t**3 + 3*t**2 - 2*t - 4. Let j be h(-3). Suppose -3*f + 175 = j*f. Calculate the remainder when f is divided by o.
11
Suppose v = -2*v + 27. Let o = -52 + 77. What is the remainder when o is divided by v?
7
Suppose 3*y = 2*y + 4. Suppose 4*l - 28 = -y*f, -3*l + 41 = -3*f - 4. Let n(p) = 4*p**2 - 2*p. What is the remainder when n(-3) is divided by l?
9
Suppose -3*f - 3*u = -63, -4*u - 42 = -2*f - 0*u. What is the remainder when 82 is divided by f?
19
Suppose 5*d + 42 = -4*p + 191, 0 = 4*p - d - 119. What is the remainder when p is divided by 2 + (-32)/14 - (-228)/14?
15
Let f = 37 - 33. What is the remainder when 5 is divided by f?
1
Let y = 52 + -37. Let n = 8 + 51. What is the remainder when n is divided by y?
14
Calculate the remainder when 31 is divided by (-147)/(-18) + 1/(-6).
7
Let l be (2 + -3)/(2/12). Let a be ((-10)/l)/((-4)/(-12)). Suppose -9 = -4*h + a*u + 34, 0 = 5*h - 3*u - 44. Calculate the remainder when h is divided by 3.
1
Suppose -4*p = -16, -6*y + p + 88 = -2*y. Calculate the remainder when y is divided by 16/(-9) - -2 - (-460)/36.
10
Let c = -5 - -21. What is the remainder when 61 is divided by c?
13
Suppose 87*k = 85*k + 46. Suppose v = 4 + 4. Calculate the remainder when k is divided by v.
7
Suppose -16 - 4 = -l. Suppose d + 4*d + l = 0. Calculate the remainder when 9/(2 + 2/d) is divided by 4.
2
Let g = -3 - -8. Suppose 3*t + 2*d - 4 - 10 = 0, -g*t = 3*d - 22. Calculate the remainder when 6 is divided by t.
0
Let w be (-29)/2 + (-1)/2. Let x = -2 - w. Calculate the remainder when x is divided by (28/8)/((-3)/(-6)).
6
Calculate the remainder when 4 is divided by 135/60*8/6.
1
Let i be 1/3 - (-6)/(-18). Let c(j) = j**3 - 8*j**2 + 8*j - 3. Let y be c(7). Suppose i = 2*a - y*a + 18. What is the remainder when a is divided by 6?
3
Let m = 67 + -56. What is the remainder when 43 is divided by m?
10
Let d(o) = 2*o**2 + 3*o**2 - 2*o - 2*o**2 + 1 + 4*o**3 - 4*o**2. Let r = -16 + 29. Calculate the remainder when d(2) is divided by r.
12
Let b = 118 - 115. What is the remainder when 25 is divided by b?
1
Let g = 6 - -8. Calculate the remainder when 68 is divided by g.
12
Let z(o) = o**3 - 4*o**2 - 4*o. Let h be z(4). Let k = h + 31. Calculate the remainder when 29 is divided by k.
14
Suppose 20 = 4*c - 9*c. Let z(t) = -5*t - 5. Let s be z(c). Let i = 25 - s. What is the remainder when 18 is divided by i?
8
Let m(g) = -g**2 + 6*g + 5. What is the remainder when m(4) is divided by 4?
1
Suppose -5*u = -5*m, 4*u + m - 4 = 3*u. Suppose u*p - 4 = 2. Calculate the remainder when 10 is divided by p.
1
Let t be 4/(-16) - (-25)/4. Calculate the remainder when (-2)/t + 576/27 is divided by 8.
5
Let z(t) = t**3 - 12*t**2 - t + 16. Suppose -5*d = -19 - 1. Suppose 2*l - d*l + 12 = 0. What is the remainder when l is divided by z(12)?
2
Suppose 5*i - h = -0*h + 140, 4*h = 5*i - 140. Let n = -81 - -135. Calculate the remainder when n is divided by i.
26
Let p(s) = s**2 + 3*s - 7. Let f be p(-9). Suppose f = 3*m + 5. Let o(d) = d**3 + 5*d**2 - 6*d - 4. What is the remainder when o(-5) is divided by m?
12
Let x(n) = -n**3 + 5*n**2 - 4*n + 4. What is the remainder when 6/4 + -2 + (-111)/(-6) is divided by x(3)?
8
Let v = 23 + -9. Let u = 5 + v. What is the remainder when (-1)/(-2)*2*55 is divided by u?
17
Let p = 2 + 11. Let y(o) = 6*o - 35. What is the remainder when y(14) is divided by p?
10
Let w(s) = s**2 + s + 27. Let a be (-1 + 1)*4/8. What is the remainder when w(a) is divided by 10?
7
Let n(t) = 8*t. Calculate the remainder when 46 is divided by n(3).
22
Suppose -5*c - 27 = q - 4*q, -c + 17 = q. What is the remainder when 17 is divided by q?
3
What is the remainder when 1*2*45/10 is divided by 3?
0
Suppose -3*s - 27 = -4*h, 4*h - 29 = 4*s + h. Let w = 0 - s. What is the remainder when 13 is divided by w?
3
Let w = 20 + -1. Let h = w - 12. Calculate the remainder when 25 is divided by h.
4
Let c = -18 - -19. What is the remainder when 89 is divided by 5 + -6 + 24*c?
20
Let l = 122 - 26. What is the remainder when l is divided by 49?
47
Suppose 3*t = -0*t + 390. What is the remainder when t is divided by 33?
31
Let u(q) = 4*q - 1. Suppose 2*g - 2 = -0*g. Let w(p) = 31*p**3 + p - 1. Calculate the remainder when w(g) is divided by u(3).
9
Let l = 24 + 18. Suppose 2*m = -j + 15, 3*j - m = -j + 33. Calculate the remainder when j is divided by l/9 - 1/(-3).
4
Suppose 0 = -b - 0*b. Let s be (b/(3 - 2))/1. Suppose x + 4*j - 35 = s, -4*x - 4*j - 53 + 169 = 0. Calculate the remainder when x is divided by 14.
13
Suppose -3 = -g + 30. What is the remainder when 98 is divided by g?
32
What is the remainder when 2 - (-27 + 4 - -3) is divided by 5?
2
Suppose -3*s + 2*s + 35 = 0. Calculate the remainder when s is divided by 19.
16
Suppose 5*m = -0*m. Let j = 6 - -1. What is the remainder when j is divided by 1*(m - -5 - 2)?
1
Suppose 77 = 2*d + 3*h, 0 = -8*d + 3*d - h + 160. Let c(s) = -2*s. Let v be c(-2). Let n = v + 12. What is the remainder when d is divided by n?
15
Let n = 30 - 6. Calculate the remainder when n is divided by -18*(3/(-6))/1.
6
Calculate the remainder when 4 + (69 + -2 - -1) is divided by 25.
22
Suppose -j = 5*o - 17, 5*j - 52 = 3*j - o. What is the remainder when 79 is divided by j?
25
Let u = -2 - -2. Suppose 96 = 2*z - u*z. What is the remainder when z is divided by 17?
14
Let r(g) = -3*g**2 + 18*g + 12. Calculate the remainder when 77 is divided by r(6).
5
Calculate the remainder when 47*1/1 + 1 is divided by 17.
14
Let j = -65 - -43. Let v = j + 1. Calculate the remainder when (2 - 2 - v) + 3 is divided by 13.
11
Let f be (-2 + -7)*(-6)/9. Let s = f - 4. Let x = s + 10. Calculate the remainder when 22